 the remainder when 34 is divided by i(v)?
10
Let w(q) = 3*q**2 + 3*q + 9. Let g be w(8). Suppose 4*l = l + g. Calculate the remainder when l is divided by 19.
18
Let p(w) = 3*w + 1 - 12 - 8. Calculate the remainder when p(11) is divided by 5.
4
Let i(k) = -8*k - 3. Suppose -3*s = 3 - 0. Calculate the remainder when i(-4) is divided by 1 - (-12 + (-3)/s).
9
Let y(d) = -d**2 + 7*d - 5. Let f be y(6). Calculate the remainder when 44 is divided by (42/3 - f) + 2.
14
Suppose -2*l + 9 = l. Suppose 0 = j + l*j - 20. Suppose -3*q + j*q = 4. Calculate the remainder when q is divided by 2.
0
Let y(v) = -v**3 + 4*v**2 - v + 2. Suppose 5*z + 0 - 5 = 5*l, 2*l + 5*z = 26. What is the remainder when (0 + 1)/(-1)*-29 is divided by y(l)?
5
Suppose -62 - 47 = -4*o - m, 5*m = -3*o + 103. What is the remainder when 149 is divided by o?
19
Let o = 9 - 1. What is the remainder when o is divided by 5?
3
What is the remainder when (-6)/(-9)*(35 - (-2 + 1)) is divided by 8?
0
Suppose d = 3*k, -2*d = -7*d - 2*k. What is the remainder when d - ((-42)/3)/2 is divided by 4?
3
Suppose -5*c + 33 = -57. Calculate the remainder when c is divided by 5.
3
Let c = -6 - -21. Suppose 0 = -2*t + 4*f + 8, -3*t + 5 - 2 = 3*f. Suppose t*r - c = 19. Calculate the remainder when 50 is divided by r.
16
Let o(c) = -6*c**2 - 1. Let z be o(1). Let u = z - -11. Suppose s + 8 = 3*l, 0*s + 4*l - 32 = -u*s. Calculate the remainder when s is divided by 3.
1
Suppose -3*h + 3*i + 2 - 5 = 0, 5*h = 2*i + 7. What is the remainder when h is divided by 3?
0
Suppose 3*b = 27 - 3. Suppose -8*l - 70 = -110. What is the remainder when b is divided by l?
3
Suppose -9 = -3*v - 0*v. Suppose 3*q + 2*q - 132 = -v*r, -83 = -2*r - 5*q. What is the remainder when r is divided by 10?
9
Suppose 12 = -5*j - 4*x, -4*j + 9 = -5*x - 6. Let d = 4 + j. Calculate the remainder when 6 is divided by d.
2
Let b(v) = -v**3 + 15*v**2 + 36*v - 24. Calculate the remainder when 33 is divided by b(17).
3
Let k(d) = 3*d - 3. Let m be k(2). Let u(s) = -3*s + 5 + m - 4. Calculate the remainder when 38 is divided by u(-3).
12
Let m(d) = -d**3 + 4*d**2 - 4*d + 1. Let o be m(3). Let t = o - -11. What is the remainder when 25 is divided by t?
7
Suppose -5*z - 2 = 2*b + b, 0 = z + 4*b - 3. What is the remainder when (-1)/(108/(-106) - z) is divided by 18?
17
Let n = 103 + -34. Suppose -3*w - 2*w - 3*y + n = 0, -2*y - 19 = -w. What is the remainder when w is divided by 8?
7
Let g(l) = l + 20. Let c be g(-14). Let i(y) = 8 + 5*y - 2*y - 2*y. What is the remainder when 40 is divided by i(c)?
12
Let j be (-3)/(21/(-89)) + (-14)/(-49). Let t be -11 - (-1*1 - -1). Let h = t + j. What is the remainder when h is divided by 2?
0
Let f(t) = 3*t**2 + 5*t + 9. Let o(x) = x**3 - 8*x**2 + 9*x - 4. What is the remainder when f(-4) is divided by o(7)?
7
Suppose -3*i = -i - 8. What is the remainder when i is divided by 2?
0
Suppose 0 = b - v - 13, -2*b - v + 7 = -7. What is the remainder when 3/b + (-33)/(-9) is divided by 14/8 + 2/8?
0
Let h = 13 - 3. Suppose -4*a - a = -h. Suppose 0 = a*f + 1 - 23. What is the remainder when f is divided by 6?
5
Suppose c = -4 + 29. Let w = -7 - -12. Suppose -w*a + 2*l + 417 = 60, 3*a - 227 = -2*l. Calculate the remainder when a is divided by c.
23
Let l(v) = 16*v**3 + 4*v**2 - 3*v + 1. What is the remainder when l(2) is divided by 35?
34
Let p = 30 + -7. What is the remainder when p is divided by 8?
7
Let v = -21 - -52. Calculate the remainder when v is divided by 11.
9
What is the remainder when (-14)/49 - 382/(-14) is divided by 14?
13
Suppose -3*y = -11*y + 168. What is the remainder when y is divided by 14?
7
Suppose 0*g + 68 = 4*g. Calculate the remainder when g is divided by 4.
1
Let r be (-1 - 0)*4/(-4). Let p(x) = 27*x. What is the remainder when p(r) is divided by 15?
12
What is the remainder when 6/(-21) + 317/7 is divided by 24?
21
Suppose 2*t + 3*t + p - 141 = 0, -2*t = 2*p - 58. Calculate the remainder when t is divided by 10.
8
Let n(q) be the third derivative of -q**6/120 - q**4/24 + q**3/2 - q**2. Let a be n(0). Suppose -44 + 17 = -a*g. What is the remainder when 26 is divided by g?
8
Let o(i) = 12*i**2 + 4*i + 2. Let m be o(5). Calculate the remainder when 2/(-8) - m/(-8) is divided by 14.
12
Let v(y) = 7*y - 3. Calculate the remainder when (-100)/(-6)*-7*(-36)/210 is divided by v(2).
9
Suppose 2*f - 169 = 5*z, 189 = 3*f + 4*z - 30. Let t = -29 - -49. Calculate the remainder when f is divided by t.
17
Let m(u) = 7*u**3 - 2*u**2 + 2*u - 2. Let o be m(2). Suppose -3*k + 4*y = -o, -34 = 5*k + 3*y - 127. Calculate the remainder when 52 is divided by k.
16
Suppose 0 = 5*v - 142 - 83. Calculate the remainder when v is divided by 32/(-8) + -1 + 21.
13
Suppose 5*x = 161 + 9. Let v = x + -24. What is the remainder when 19 is divided by v?
9
Suppose 0*u - 8 = -4*h - 4*u, -5*u - 2 = -h. Let v = 3 + 1. What is the remainder when v is divided by h?
0
Let o(i) = -2*i + 4. Let l be o(6). What is the remainder when (-188)/l*2/1 is divided by 12?
11
Suppose 0 = -2*r - 6*r + 120. What is the remainder when 28 is divided by r?
13
What is the remainder when (1 - -5)*(-1 - (-25)/2) is divided by 8?
5
Let f(d) = 6*d**2 - 5*d - 22. Calculate the remainder when f(6) is divided by 15.
14
Let p(t) = 6 + t**2 - 4*t**2 + 4*t**2 - 2*t. Let f be (-48)/30*5/(-2). Calculate the remainder when 40 is divided by p(f).
12
Let a(x) = -2*x - 3. Let q be a(-4). Let o(u) = u + 4. Let j be o(-4). Let m = q - j. Calculate the remainder when 14 is divided by m.
4
Let q(u) = 4*u + 44. What is the remainder when q(-6) is divided by 3?
2
Let u = -1 - -5. Suppose -5*k + 26 + u = 0. Let y(w) = w**3 - 5*w**2 - 6*w + 7. Calculate the remainder when y(k) is divided by 4.
3
Let d(k) = -3*k. Let m be d(-1). Suppose -183 = -5*z + h, -2*h - m*h + 129 = 4*z. What is the remainder when z is divided by 13?
10
Suppose 0 = 4*r - 2*o - 146, -4*r + 2*o = -3*o - 149. Calculate the remainder when r is divided by -2 - 1/((-1)/21).
17
Suppose 0 = -2*g + u + 39 - 11, 0 = 3*g + 3*u - 60. What is the remainder when 45 is divided by g?
13
Suppose 0 = -5*t + 4*s - 4, -20 = -2*t + 3*t + 4*s. Suppose -a + 4 = 0, -2*j + 5*a = j - 127. What is the remainder when j is divided by (-103)/(-6) + t/24?
15
Let n be 7 - 7 - (4 - 1). What is the remainder when 14*n*(-1)/3 is divided by 5?
4
Suppose 0*h - 2*h + 5*w + 28 = 0, 3*w + 20 = 2*h. Calculate the remainder when 14 is divided by h.
2
Let v(x) = -x + 2. Let y(t) = -t**2 - 9*t + 6. Let o be y(-9). Let p be v(o). Calculate the remainder when 4*((-141)/p)/3 is divided by 24.
23
Let f = 3 + 7. Let m(a) = -7*a - 1. What is the remainder when f is divided by m(-1)?
4
Let q be (-2)/7 - (-1908)/63. Let f = 95 - q. What is the remainder when f is divided by 22?
21
Let v(r) = -10*r - 2. Let o be v(-5). Let z = o + -24. What is the remainder when z is divided by 13?
11
Let k be 1 - (-6)/8*-4. Let y(n) = 5*n**2 + 3*n + 3. Calculate the remainder when 49 is divided by y(k).
15
Suppose 4*k + 3*b - 1 - 20 = 0, -3*k + 3*b = 0. Suppose -4*q + 26 = -2*f - 2, 4*q - 32 = 3*f. What is the remainder when q is divided by k?
2
Let u = 29 + -17. Let m be (-8 + 3)*(-3)/5. Calculate the remainder when u is divided by 2*m/6*7.
5
Suppose -21 = f - 59. Let u be (0 + 2)/2*3. Suppose -29 = -u*l + 5*h, -2*l + 23 = -l + 5*h. What is the remainder when f is divided by l?
12
Let i be 1/(-3) - (-30)/9. Suppose 108 = 2*n - 4*b, -n + i*b = -3*n + 73. Calculate the remainder when n is divided by 23.
21
Let u be (-3)/(-6) - 1/2. Suppose 0 = -2*h + 5*m - 6*m + 2, u = h + 2*m - 4. Suppose h = 3*i - i - 22. What is the remainder when 19 is divided by i?
8
Let h(q) = -q**3 + 11*q**2 - 7*q - 2. Let v be (-2)/12 - 61/(-6). What is the remainder when h(v) is divided by 15?
13
Suppose 3*f = 5*f. Let m = f - -16. Let w(b) = 11*b - 3. Calculate the remainder when w(3) is divided by m.
14
Suppose 2*h + 34 = 3*p - 17, -5*p = 3*h - 85. Calculate the remainder when 66 is divided by p.
15
Suppose -k + 2 + 4 = 0. Suppose 2*i + 2*o = 36, -k = -5*o + 2*o. Calculate the remainder when 29 is divided by i.
13
Let d = 303 + -278. What is the remainder when d is divided by 0 - (0 + 1) - -15?
11
Suppose -4*p - b + 19 = -6*p, 4*b = -4. Suppose 6*s + q = 5*s - 7, 2*s + 20 = -4*q. Let x = s